In base 4, what is 0 - 2022?
-2022
In base 4, what is 321312 + 10?
321322
In base 5, what is 3 - 241?
-233
In base 13, what is 6 - -5c7?
600
In base 5, what is -303130 - 3?
-303133
In base 15, what is -7 - 49?
-51
In base 2, what is -1100101 + -1000?
-1101101
In base 4, what is -1022 + -23?
-1111
In base 12, what is -1 + 146a?
1469
In base 10, what is -1 + 27?
26
In base 4, what is 10212 + 10?
10222
In base 8, what is 4 + 211?
215
In base 4, what is -20 - 20?
-100
In base 9, what is -778 - 1?
-780
In base 16, what is 56 - -d?
63
In base 10, what is -123 - 0?
-123
In base 16, what is 5 + -17b?
-176
In base 15, what is -15e + -1?
-160
In base 10, what is -20 + -1?
-21
In base 7, what is 51 + -2?
46
In base 15, what is a - -7b?
86
In base 7, what is -1306 + 2?
-1304
In base 3, what is 1 + -1122?
-1121
In base 9, what is -125 + 347?
222
In base 10, what is 32 - 103?
-71
In base 3, what is -2120 + 2?
-2111
In base 6, what is 0 - 5434?
-5434
In base 6, what is 5513 + 5?
5522
In base 16, what is 147 - 0?
147
In base 11, what is 2 + 1388?
138a
In base 10, what is 7 + -7?
0
In base 12, what is 471 - -1?
472
In base 10, what is 0 + 13?
13
In base 2, what is -111 + 11100?
10101
In base 13, what is -4 + -160?
-164
In base 2, what is 10010 - -111111?
1010001
In base 16, what is 3 + -106?
-103
In base 2, what is 111011 + -11000?
100011
In base 13, what is -5 + -27?
-2c
In base 8, what is 2 - 1437?
-1435
In base 8, what is 236 - 11?
225
In base 9, what is -11 - 2366?
-2377
In base 8, what is 5 - 1752?
-1745
In base 11, what is 126 - 3?
123
In base 14, what is 5 - -33?
38
In base 15, what is -4 - -2e?
2a
In base 2, what is -101 - -10100001?
10011100
In base 11, what is 51 + 66?
107
In base 2, what is -10 + 1001?
111
In base 13, what is -453 + 3?
-450
In base 14, what is -28 - 8?
-32
In base 13, what is -26 + 0?
-26
In base 9, what is -125 - -15?
-110
In base 16, what is 1 - -2?
3
In base 8, what is -5 + -35?
-42
In base 7, what is 1023 - -46?
1102
In base 5, what is 2 + -110240?
-110233
In base 2, what is 110 + 101?
1011
In base 9, what is 41 - 32?
8
In base 7, what is -4 + -315?
-322
In base 16, what is -1 - 1fb?
-1fc
In base 13, what is 6 - 1c?
-16
In base 7, what is 1 + -530?
-526
In base 3, what is -121 - -11100?
10202
In base 15, what is -4 - dc?
-e1
In base 5, what is -23 + 1440?
1412
In base 14, what is -4b - -5?
-46
In base 15, what is 0 + 4?
4
In base 3, what is -10 - 20001?
-20011
In base 7, what is 2 + 3566?
3601
In base 7, what is -526 - 21?
-550
In base 7, what is 61 - -200?
261
In base 12, what is 54b + 3?
552
In base 2, what is 100111 - 1100?
11011
In base 9, what is -26 + 65?
38
In base 16, what is 5a6 - 2?
5a4
In base 4, what is -3 + -13?
-22
In base 4, what is 3122 - 0?
3122
In base 11, what is -7 - -35?
29
In base 6, what is 3 - 301?
-254
In base 2, what is 11 - -1001000?
1001011
In base 10, what is 2062 - 5?
2057
In base 3, what is 111 - -100010?
100121
In base 14, what is -62 + 62?
0
In base 5, what is -10 + 234?
224
In base 11, what is 4 - -a0?
a4
In base 13, what is -5 + 256?
251
In base 8, what is -20 - -424?
404
In base 12, what is 1913 + -3?
1910
In base 14, what is 190 - -4?
194
In base 4, what is 303 + -3?
300
In base 6, what is 200 - -11?
211
In base 3, what is -102 - -1212?
1110
In base 5, what is -42144 + -4?
-42203
In base 8, what is 5 + -233?
-226
In base 3, what is 1101111 - 0?
1101111
In base 6, what is -1345 - -1?
-1344
In base 15, what is 4 + 7ed?
802
In base 13, what is c06 - 4?
c02
In base 6, what is 1443 + -2?
1441
In base 13, what is 4 + -4?
0
In base 5, what is 12 - 132?
-120
In base 3, what is -200 + 221112?
220212
In base 13, what is 492 - 0?
492
In base 4, what is 1233 - -110?
2003
In base 5, what is -2 - 142?
-144
In base 10, what is -17805 - 0?
-17805
In base 12, what is 5 + -28?
-23
In base 8, what is 32 - -5?
37
In base 5, what is 30421 + -2?
30414
In base 2, what is -1011 + -1100100?
-1101111
In base 8, what is -4160 + 4?
-4154
In base 4, what is 0 + -223?
-223
In base 7, what is -1012 + -5?
-1020
In base 6, what is -2 - 103?
-105
In base 7, what is 4 - 421?
-414
In base 8, what is -1016 + -1?
-1017
In base 11, what is 5 + -62?
-58
In base 10, what is 15 + -37?
-22
In base 2, what is 0 - -1100100110?
1100100110
In base 16, what is e + -9?
5
In base 12, what is 105 - 3?
102
In base 3, what is 0 - -2110?
2110
In base 4, what is 11 + 111101?
111112
In base 4, what is -22232100 + -1?
-22232101
In base 12, what is -2 + 33?
31
In base 11, what is 0 + 0?
0
In base 16, what is 1 + 184?
185
In base 5, what is 3241 + 4?
3300
In base 3, what is -121 + 20?
-101
In base 4, what is 110 - 10?
100
In base 3, what is -1001112 + 110?
-1001002
In base 3, what is 20 - -2002001?
2002021
In base 13, what is -96 - 27?
-c0
In base 4, what is 0 + -1122021?
-1122021
In base 3, what is -101020 + -22?
-101112
In base 2, what is 10101 - 0?
10101
In base 10, what is -3 - 432?
-435
In base 12, what is 17 + -16?
1
In base 2, what is -111011000100 - -10?
-111011000010
In base 15, what is 0 - 52?
-52
In base 14, what is 8 + 4a?
54
In base 5, what is 10433 - -1?
10434
In base 15, what is 224 + d?
232
In base 6, what is -2 - 1422?
-1424
In base 12, what is -b + -88?
-97
In base 7, what is 1216 - 2?
1214
In base 3, what is -2 - 20211?
-20220
In base 4, what is -1312 + -13?
-1331
In base 16, what is 1 - 24?
-23
In base 16, what is -9 + 41?
38
In base 16, what is -1d + 21?
4
In base 13, what is 2 + 4?
6
In base 14, what is b2 - -1?
b3
In base 13, what is -2 - -142?
140
In base 2, what is 10010 - -1?
10011
In base 8, what is 17677 - 4?
17673
In base 4, what is 1232 + 233?
2131
In base 15, what is -d - 10?
-1d
In base 4, what is 131321 + 3?
131330
In base 16, what is 8d - 55?
38
In base 5, what is -4 - 1122?
-1131
In base 10, what is 6 + -7455?
-7449
In base 12, what is -1 + 330?
32b
In base 7, what is 5 - -1116?
1124
In base 12, what is 41 - 5?
38
In base 16, what is -17 + -16a?
-181
In base 11, what is -2 + -96?
-98
In base 3, what is 10 - 1110221?
-1110211
In base 13, what is -5 + -70?
-75
In base 11, what is -134 + -5?
-139
In base 12, what is -4 - -59?
55
In base 7, what is -4 + 43?
36
In base 13, what is -157 + 5?
-152
In base 9, what is 16 - 411?
-384
In base 14, what is -2 - 1977?
-1979
In base 10, what is 14 - 108?
-94
In base 14, what is -7a - -3?
-77
In base 4, what is 1120 - -3?
1123
In base 9, what is 86 + -5?
81
In base 2, what is -101001 - -10100?
-10101
In base 6, what is -241 - 30?
-311
In base 15, what is -4 - 1b1e?
-1b23
In base 12, what is -197 + -2a?
-205
In base 6, what is 12125 - -3?
12132
In base 9, what is 2 + -748?
-746
In base 5, what is -113013 - -4?
-113004
In base 3, what is 11 - -102?
120
In base 5, what is -12 - 1220?
-1232
In base 11, what is 20 - 53?
-33
In base 7, what is 13560 - 2?
13555
In base 6, what is -504 + -11?
-515
In base 6, what is -1504 + -15?
-1523
In base 3, what is 21111 + 2?
21120
In base 5, what is -1001 - 101?
-1102
In base 3, what is 2 + 212102?
212111
In base 12, what is 1 + -617?
-616
In base 3, what is -11100111 + -12?
-11100200
In base 3, what is 1122101 - 12?
1122012
In base 6, what is 23 - 225?
-202
In base 15, what is 218 + -4c?
1bb
In base 3, what is 12 + 10122201?
10122220
In base 5, what is -4 + 2?
-2
In base 9, what is -2 - 2106?
-2108
In base 3, what is 102211 + -11?
102200
In base 16, what is -fb - -27?
-d4
In base 15, what is 3 - -bdc?
be0
In base 12, what is ab - -7?
b6
In base 2, what is 101001101 - -111?
101010100
In base 6, what is 20334 - 5?
20325
In base 8, what is -5617 + 1?
-5616
In base 8, what is 214 - 33?
161
In base 12, what is -3bb - -6?
-3b5
In base 12, what is -1 + 56?
55
In base 10, what is -59 - -7?
-52
In base 6, what is -5 - -103?
54
In base 15, what is -88a - 2?
-88c
In base 10, what is 144 - 63?
81
In base 10, what is -36 + 9?
-27
In base 13, what is -13 + -8?
-1b
In base 5, what is 11130 + 1?
11131
In base 12, what is -a8b - 8?
-a97
In base 2, what is 10001001 + -1?
10001000
In base 16, what is 7f - -87?
106
In base 15, what is 1 - 35?
-34
In base 3, what is -112 + 2021210?
2021021
In base 13, what is 0 - 1c?
-1c
In base 9, what is 5 + 727?
733
In base 7, what is -53 - -252?
166
In base 3, what is 10020 - 122?
2121
In base 4, what is -11 - 3233?
-3310
In ba